{"id":211,"date":"2022-05-12T10:19:07","date_gmt":"2022-05-12T08:19:07","guid":{"rendered":"https:\/\/www.filtracnatechnika.sk\/?post_type=product&#038;p=211"},"modified":"2022-06-07T13:42:47","modified_gmt":"2022-06-07T11:42:47","slug":"klimatizacia-spiw-309l","status":"publish","type":"product","link":"https:\/\/www.filtracnatechnika.sk\/?product=klimatizacia-spiw-309l","title":{"rendered":"Klimatiz\u00e1cia SPIW 309L"},"content":{"rendered":"<table class=\"produkt-data\">\n<tbody>\n<tr>\n<td class=\"width-65\">EAN k\u00f3d<\/td>\n<td class=\"width-35\">8003437224546<\/td>\n<\/tr>\n<tr>\n<td class=\"width-65\">12NC k\u00f3d<\/td>\n<td class=\"width-35\">853120201100<\/td>\n<\/tr>\n<tr>\n<th colspan=\"2\">\n<div class=\"h2\">Z\u00e1kladn\u00e9 \u00fadaje<\/div>\n<\/th>\n<\/tr>\n<tr>\n<td class=\"width-65\">Typ klimatiz\u00e1cie<\/td>\n<td class=\"width-35\"><a href=\"https:\/\/www.whirlpool.sk\/spotrebice\/klimatizacie\/vsetky?hledat=ano&amp;q581_3195=1\" target=\"_blank\" rel=\"noopener\">N\u00e1stenn\u00e1<\/a><\/td>\n<\/tr>\n<tr>\n<td class=\"width-65\">Extra z\u00e1ruka<\/td>\n<td class=\"width-35\">10 rokov motor\/kompresor<\/td>\n<\/tr>\n<tr>\n<td class=\"width-65\">Chladenie<\/td>\n<td class=\"width-35\"><a href=\"https:\/\/www.whirlpool.sk\/spotrebice\/klimatizacie\/vsetky?hledat=ano&amp;q550_972=1\" target=\"_blank\" rel=\"noopener\">\u00e1no<\/a><\/td>\n<\/tr>\n<tr>\n<td class=\"width-65\">Ohrev<\/td>\n<td class=\"width-35\"><a href=\"https:\/\/www.whirlpool.sk\/spotrebice\/klimatizacie\/vsetky?hledat=ano&amp;q551_974=1\" target=\"_blank\" rel=\"noopener\">\u00e1no<\/a><\/td>\n<\/tr>\n<tr>\n<td class=\"width-65\">Farba (vn\u00fatorn\u00e1\/vonkaj\u0161ia)<\/td>\n<td class=\"width-35\">biela\/biela<\/td>\n<\/tr>\n<tr>\n<th colspan=\"2\">\n<div class=\"h2\">V\u00fdkony<\/div>\n<\/th>\n<\/tr>\n<tr>\n<td class=\"width-65\">Kapacita chladenia &#8211; BTU\/h<\/td>\n<td class=\"width-35\">8871 Btu\/hod<\/td>\n<\/tr>\n<tr>\n<td class=\"width-65\">Kapacita chladenia &#8211; Watt<\/td>\n<td class=\"width-35\">2600 W<\/td>\n<\/tr>\n<tr>\n<td class=\"width-65\">Kapacita ohrevu Btu\/hod<\/td>\n<td class=\"width-35\">9212 Btu\/hod<\/td>\n<\/tr>\n<tr>\n<td class=\"width-65\">Kapacita ohrevu Watt<\/td>\n<td class=\"width-35\">2700 W<\/td>\n<\/tr>\n<tr>\n<td class=\"width-65\">EER chladenie<\/td>\n<td class=\"width-35\">10,37 Btu\/Watt\/h<\/td>\n<\/tr>\n<tr>\n<td class=\"width-65\">COP ohrevu<\/td>\n<td class=\"width-35\">3,86 w\/w<\/td>\n<\/tr>\n<tr>\n<td class=\"width-65\">Energ. trieda (chladenie\/ohrev)<\/td>\n<td class=\"width-35\">A++\/A+<\/td>\n<\/tr>\n<tr>\n<td class=\"width-65\">Hlu\u010dnos\u0165 &#8211; vn\u00fator. jed. &#8211; max<\/td>\n<td class=\"width-35\">39 dB<\/td>\n<\/tr>\n<tr>\n<td class=\"width-65\">Hlu\u010dnos\u0165 &#8211; vn\u00fator. jed. &#8211; min<\/td>\n<td class=\"width-35\">19 dB<\/td>\n<\/tr>\n<tr>\n<td class=\"width-65\">Hlu\u010dnos\u0165 &#8211; vonkaj. jed.<\/td>\n<td class=\"width-35\">54 dB<\/td>\n<\/tr>\n<tr>\n<td class=\"width-65\">Odvlh\u010dovanie<\/td>\n<td class=\"width-35\">0,9 l\/h<\/td>\n<\/tr>\n<tr>\n<td class=\"width-65\">Pr\u00fad vzduchu &#8211; max<\/td>\n<td class=\"width-35\">670 m3\/hod<\/td>\n<\/tr>\n<tr>\n<td class=\"width-65\">Typ chladiacej zmesi<\/td>\n<td class=\"width-35\"><\/td>\n<\/tr>\n<tr>\n<td class=\"width-65\">Mno\u017estvo chladiva<\/td>\n<td class=\"width-35\">0,48 kg<\/td>\n<\/tr>\n<tr>\n<td class=\"width-65\">Klimatick\u00e1 trieda<\/td>\n<td class=\"width-35\">T1<\/td>\n<\/tr>\n<tr>\n<th colspan=\"2\">\n<div class=\"h2\">Funkcia SLEEP<\/div>\n<\/th>\n<\/tr>\n<tr>\n<td class=\"width-65\">6. ZMYSEL klimatiz\u00e1cie<\/td>\n<td class=\"width-35\">\u00e1no<\/td>\n<\/tr>\n<tr>\n<td class=\"width-65\">Funkcia SLEEP<\/td>\n<td class=\"width-35\">\u00e1no<\/td>\n<\/tr>\n<tr>\n<td class=\"width-65\">Silent re\u017eim<\/td>\n<td class=\"width-35\">ano<\/td>\n<\/tr>\n<tr>\n<td class=\"width-65\">Funkcia &#8222;U&#8220;<\/td>\n<td class=\"width-35\">\u00e1no<\/td>\n<\/tr>\n<tr>\n<td class=\"width-65\">Turbo<\/td>\n<td class=\"width-35\">\u00e1no<\/td>\n<\/tr>\n<tr>\n<td class=\"width-65\">Technol\u00f3gia Invertor<\/td>\n<td class=\"width-35\">\u00e1no<\/td>\n<\/tr>\n<tr>\n<td class=\"width-65\">\u010casova\u010d<\/td>\n<td class=\"width-35\">\u00e1no<\/td>\n<\/tr>\n<tr>\n<td class=\"width-65\">24 hodinov\u00e9 programovanie<\/td>\n<td class=\"width-35\">\u00e1no<\/td>\n<\/tr>\n<tr>\n<td class=\"width-65\">Ukazovate\u013e teploty<\/td>\n<td class=\"width-35\">na dia\u013ekovom ovl\u00e1da\u010di + na vn\u00fatornej jednotke<\/td>\n<\/tr>\n<tr>\n<td class=\"width-65\">Automatick\u00fd pohyb klapiek<\/td>\n<td class=\"width-35\">\u00e1no<\/td>\n<\/tr>\n<tr>\n<td class=\"width-65\">Ventil\u00e1tor<\/td>\n<td class=\"width-35\">\u00e1no<\/td>\n<\/tr>\n<tr>\n<td class=\"width-65\">Vyp\u00ednanie displeja<\/td>\n<td class=\"width-35\"><\/td>\n<\/tr>\n<tr>\n<td class=\"width-65\">Dvojit\u00e9 klapky<\/td>\n<td class=\"width-35\">\u00e1no<\/td>\n<\/tr>\n<tr>\n<td class=\"width-65\">Autore\u0161tart<\/td>\n<td class=\"width-35\">\u00e1no<\/td>\n<\/tr>\n<tr>\n<td class=\"width-65\">\u00dasporn\u00fd re\u017eim<\/td>\n<td class=\"width-35\">ano<\/td>\n<\/tr>\n<tr>\n<td class=\"width-65\">4D xpert pr\u00fadenia vzduchu<\/td>\n<td class=\"width-35\">ano<\/td>\n<\/tr>\n<tr>\n<td class=\"width-65\">Typ kompresora<\/td>\n<td class=\"width-35\">rota\u010dn\u00e9<\/td>\n<\/tr>\n<tr>\n<th colspan=\"2\">\n<div class=\"h2\">Ovl\u00e1danie klimatiz\u00e1cie<\/div>\n<\/th>\n<\/tr>\n<tr>\n<td class=\"width-65\">Dia\u013ekov\u00e9 ovl\u00e1danie<\/td>\n<td class=\"width-35\">\u00e1no<\/td>\n<\/tr>\n<tr>\n<th colspan=\"2\">\n<div class=\"h2\">\u010cistenie vzduchu<\/div>\n<\/th>\n<\/tr>\n<tr>\n<td class=\"width-65\">Filter s akt\u00edvnym uhl\u00edkom<\/td>\n<td class=\"width-35\">\u00e1no<\/td>\n<\/tr>\n<tr>\n<td class=\"width-65\">Vyberate\u013en\u00fd a um\u00fdvate\u013en\u00fd filter<\/td>\n<td class=\"width-35\">\u00e1no<\/td>\n<\/tr>\n<tr>\n<th colspan=\"2\">\n<div class=\"h2\">Elektrick\u00e9 parametre<\/div>\n<\/th>\n<\/tr>\n<tr>\n<td class=\"width-65\">Nap\u00e4tie<\/td>\n<td class=\"width-35\">220-240 V<\/td>\n<\/tr>\n<tr>\n<td class=\"width-65\">Frekvencia<\/td>\n<td class=\"width-35\">50 Hz<\/td>\n<\/tr>\n<tr>\n<td class=\"width-65\">Pr\u00fad &#8211; chladenie<\/td>\n<td class=\"width-35\">3,9 A<\/td>\n<\/tr>\n<tr>\n<td class=\"width-65\">Pr\u00fad &#8211; ohrev<\/td>\n<td class=\"width-35\">3,1 A<\/td>\n<\/tr>\n<tr>\n<td class=\"width-65\">Pr\u00edkon &#8211; ohrev<\/td>\n<td class=\"width-35\">700 W<\/td>\n<\/tr>\n<tr>\n<th colspan=\"2\">\n<div class=\"h2\">Rozmery<\/div>\n<\/th>\n<\/tr>\n<tr>\n<td class=\"width-65\">Vn\u00fatorn\u00e1 jednotka (\u0161 x v x h)<\/td>\n<td class=\"width-35\">818 x 270 x 217 mm<\/td>\n<\/tr>\n<tr>\n<td class=\"width-65\">Vonkaj\u0161ia jednotka (\u0161 x v x h)<\/td>\n<td class=\"width-35\">660 x 482 x 240 mm<\/td>\n<\/tr>\n<tr>\n<td class=\"width-65\">Hmotnos\u0165 vn\u00fat.\/vonk.<\/td>\n<td class=\"width-35\">7,5 \/ 22 kg<\/td>\n<\/tr>\n<tr>\n<th colspan=\"2\">\n<div class=\"h2\">Po\u017eiadavky na in\u0161tal\u00e1ciu<\/div>\n<\/th>\n<\/tr>\n<tr>\n<td class=\"width-65\">Tla\u010dn\u00e1 \u010das\u0165 &#8211; kvapaln\u00e1<\/td>\n<td class=\"width-35\">1\/4 &#8222;<\/td>\n<\/tr>\n<tr>\n<td class=\"width-65\">Tla\u010dn\u00e1 \u010das\u0165 &#8211; plynn\u00e1<\/td>\n<td class=\"width-35\">3\/8 &#8222;<\/td>\n<\/tr>\n<tr>\n<td class=\"width-65\">Maxim\u00e1lna d\u013a\u017eka potrubia<\/td>\n<td class=\"width-35\">15 m<\/td>\n<\/tr>\n<tr>\n<td class=\"width-65\">Minim\u00e1lna d\u013a\u017eka potrubia<\/td>\n<td class=\"width-35\">3 m<\/td>\n<\/tr>\n<tr>\n<td class=\"width-65\">Maxim\u00e1lne prev\u00fd\u0161enie<\/td>\n<td class=\"width-35\">5 m<\/td>\n<\/tr>\n<\/tbody>\n<\/table>\n","protected":false},"excerpt":{"rendered":"<ul>\n<li>Typ klimatiz\u00e1cie: N\u00e1stenn\u00e1<\/li>\n<li>Chladenie: \u00e1no<\/li>\n<li>Ohrev: \u00e1no<\/li>\n<li>Farba (vn\u00fatorn\u00e1\/vonkaj\u0161ia): biela\/biela<\/li>\n<\/ul>\n<p>&nbsp;<\/p>\n","protected":false},"featured_media":205,"comment_status":"open","ping_status":"closed","template":"","meta":{"_et_pb_use_builder":"","_et_pb_old_content":"","_et_gb_content_width":"","_monsterinsights_skip_tracking":false,"_monsterinsights_sitenote_active":false,"_monsterinsights_sitenote_note":"","_monsterinsights_sitenote_category":0},"product_cat":[16],"product_tag":[],"yoast_head":"<!-- This site is optimized with the Yoast SEO plugin v18.4.1 - https:\/\/yoast.com\/wordpress\/plugins\/seo\/ -->\n<title>Klimatiz\u00e1cia SPIW 309L - Filtra\u010dn\u00e1 Technika<\/title>\n<meta name=\"robots\" content=\"index, follow, max-snippet:-1, max-image-preview:large, max-video-preview:-1\" \/>\n<link rel=\"canonical\" href=\"https:\/\/www.filtracnatechnika.sk\/?product=klimatizacia-spiw-309l\" \/>\n<meta property=\"og:locale\" content=\"sk_SK\" \/>\n<meta property=\"og:type\" content=\"article\" \/>\n<meta property=\"og:title\" content=\"Klimatiz\u00e1cia SPIW 309L - Filtra\u010dn\u00e1 Technika\" \/>\n<meta property=\"og:description\" content=\"Typ klimatiz\u00e1cie: N\u00e1stenn\u00e1  Chladenie: \u00e1no  Ohrev: \u00e1no  Farba (vn\u00fatorn\u00e1\/vonkaj\u0161ia): biela\/biela  &nbsp;\" \/>\n<meta property=\"og:url\" content=\"https:\/\/www.filtracnatechnika.sk\/?product=klimatizacia-spiw-309l\" \/>\n<meta property=\"og:site_name\" content=\"Filtra\u010dn\u00e1 Technika\" \/>\n<meta property=\"article:modified_time\" content=\"2022-06-07T11:42:47+00:00\" \/>\n<meta property=\"og:image\" content=\"https:\/\/www.filtracnatechnika.sk\/wp-content\/uploads\/2022\/05\/produkt_priloha-image_jpeg-20200226104755-0772-dg201701370.jpeg\" \/>\n\t<meta property=\"og:image:width\" content=\"1284\" \/>\n\t<meta property=\"og:image:height\" content=\"1206\" \/>\n\t<meta property=\"og:image:type\" content=\"image\/jpeg\" \/>\n<meta name=\"twitter:card\" content=\"summary_large_image\" \/>\n<meta name=\"twitter:label1\" content=\"Predpokladan\u00fd \u010das \u010d\u00edtania\" \/>\n\t<meta name=\"twitter:data1\" content=\"2 min\u00faty\" \/>\n<script type=\"application\/ld+json\" class=\"yoast-schema-graph\">{\"@context\":\"https:\/\/schema.org\",\"@graph\":[{\"@type\":\"WebSite\",\"@id\":\"https:\/\/www.filtracnatechnika.sk\/#website\",\"url\":\"https:\/\/www.filtracnatechnika.sk\/\",\"name\":\"Filtra\u010dn\u00e1 Technika\",\"description\":\"Filtra\u010dn\u00e1 Technika\",\"potentialAction\":[{\"@type\":\"SearchAction\",\"target\":{\"@type\":\"EntryPoint\",\"urlTemplate\":\"https:\/\/www.filtracnatechnika.sk\/?s={search_term_string}\"},\"query-input\":\"required name=search_term_string\"}],\"inLanguage\":\"sk-SK\"},{\"@type\":\"ImageObject\",\"@id\":\"https:\/\/www.filtracnatechnika.sk\/?product=klimatizacia-spiw-309l#primaryimage\",\"inLanguage\":\"sk-SK\",\"url\":\"https:\/\/www.filtracnatechnika.sk\/wp-content\/uploads\/2022\/05\/produkt_priloha-image_jpeg-20200226104755-0772-dg201701370.jpeg\",\"contentUrl\":\"https:\/\/www.filtracnatechnika.sk\/wp-content\/uploads\/2022\/05\/produkt_priloha-image_jpeg-20200226104755-0772-dg201701370.jpeg\",\"width\":1284,\"height\":1206},{\"@type\":\"WebPage\",\"@id\":\"https:\/\/www.filtracnatechnika.sk\/?product=klimatizacia-spiw-309l#webpage\",\"url\":\"https:\/\/www.filtracnatechnika.sk\/?product=klimatizacia-spiw-309l\",\"name\":\"Klimatiz\u00e1cia SPIW 309L - Filtra\u010dn\u00e1 Technika\",\"isPartOf\":{\"@id\":\"https:\/\/www.filtracnatechnika.sk\/#website\"},\"primaryImageOfPage\":{\"@id\":\"https:\/\/www.filtracnatechnika.sk\/?product=klimatizacia-spiw-309l#primaryimage\"},\"datePublished\":\"2022-05-12T08:19:07+00:00\",\"dateModified\":\"2022-06-07T11:42:47+00:00\",\"breadcrumb\":{\"@id\":\"https:\/\/www.filtracnatechnika.sk\/?product=klimatizacia-spiw-309l#breadcrumb\"},\"inLanguage\":\"sk-SK\",\"potentialAction\":[{\"@type\":\"ReadAction\",\"target\":[\"https:\/\/www.filtracnatechnika.sk\/?product=klimatizacia-spiw-309l\"]}]},{\"@type\":\"BreadcrumbList\",\"@id\":\"https:\/\/www.filtracnatechnika.sk\/?product=klimatizacia-spiw-309l#breadcrumb\",\"itemListElement\":[{\"@type\":\"ListItem\",\"position\":1,\"name\":\"Home\",\"item\":\"https:\/\/www.filtracnatechnika.sk\/\"},{\"@type\":\"ListItem\",\"position\":2,\"name\":\"Shop\",\"item\":\"https:\/\/www.filtracnatechnika.sk\/?page_id=199\"},{\"@type\":\"ListItem\",\"position\":3,\"name\":\"Klimatiz\u00e1cia SPIW 309L\"}]}]}<\/script>\n<!-- \/ Yoast SEO plugin. -->","yoast_head_json":{"title":"Klimatiz\u00e1cia SPIW 309L - Filtra\u010dn\u00e1 Technika","robots":{"index":"index","follow":"follow","max-snippet":"max-snippet:-1","max-image-preview":"max-image-preview:large","max-video-preview":"max-video-preview:-1"},"canonical":"https:\/\/www.filtracnatechnika.sk\/?product=klimatizacia-spiw-309l","og_locale":"sk_SK","og_type":"article","og_title":"Klimatiz\u00e1cia SPIW 309L - Filtra\u010dn\u00e1 Technika","og_description":"Typ klimatiz\u00e1cie: N\u00e1stenn\u00e1  Chladenie: \u00e1no  Ohrev: \u00e1no  Farba (vn\u00fatorn\u00e1\/vonkaj\u0161ia): biela\/biela  &nbsp;","og_url":"https:\/\/www.filtracnatechnika.sk\/?product=klimatizacia-spiw-309l","og_site_name":"Filtra\u010dn\u00e1 Technika","article_modified_time":"2022-06-07T11:42:47+00:00","og_image":[{"width":1284,"height":1206,"url":"https:\/\/www.filtracnatechnika.sk\/wp-content\/uploads\/2022\/05\/produkt_priloha-image_jpeg-20200226104755-0772-dg201701370.jpeg","type":"image\/jpeg"}],"twitter_card":"summary_large_image","twitter_misc":{"Predpokladan\u00fd \u010das \u010d\u00edtania":"2 min\u00faty"},"schema":{"@context":"https:\/\/schema.org","@graph":[{"@type":"WebSite","@id":"https:\/\/www.filtracnatechnika.sk\/#website","url":"https:\/\/www.filtracnatechnika.sk\/","name":"Filtra\u010dn\u00e1 Technika","description":"Filtra\u010dn\u00e1 Technika","potentialAction":[{"@type":"SearchAction","target":{"@type":"EntryPoint","urlTemplate":"https:\/\/www.filtracnatechnika.sk\/?s={search_term_string}"},"query-input":"required name=search_term_string"}],"inLanguage":"sk-SK"},{"@type":"ImageObject","@id":"https:\/\/www.filtracnatechnika.sk\/?product=klimatizacia-spiw-309l#primaryimage","inLanguage":"sk-SK","url":"https:\/\/www.filtracnatechnika.sk\/wp-content\/uploads\/2022\/05\/produkt_priloha-image_jpeg-20200226104755-0772-dg201701370.jpeg","contentUrl":"https:\/\/www.filtracnatechnika.sk\/wp-content\/uploads\/2022\/05\/produkt_priloha-image_jpeg-20200226104755-0772-dg201701370.jpeg","width":1284,"height":1206},{"@type":"WebPage","@id":"https:\/\/www.filtracnatechnika.sk\/?product=klimatizacia-spiw-309l#webpage","url":"https:\/\/www.filtracnatechnika.sk\/?product=klimatizacia-spiw-309l","name":"Klimatiz\u00e1cia SPIW 309L - Filtra\u010dn\u00e1 Technika","isPartOf":{"@id":"https:\/\/www.filtracnatechnika.sk\/#website"},"primaryImageOfPage":{"@id":"https:\/\/www.filtracnatechnika.sk\/?product=klimatizacia-spiw-309l#primaryimage"},"datePublished":"2022-05-12T08:19:07+00:00","dateModified":"2022-06-07T11:42:47+00:00","breadcrumb":{"@id":"https:\/\/www.filtracnatechnika.sk\/?product=klimatizacia-spiw-309l#breadcrumb"},"inLanguage":"sk-SK","potentialAction":[{"@type":"ReadAction","target":["https:\/\/www.filtracnatechnika.sk\/?product=klimatizacia-spiw-309l"]}]},{"@type":"BreadcrumbList","@id":"https:\/\/www.filtracnatechnika.sk\/?product=klimatizacia-spiw-309l#breadcrumb","itemListElement":[{"@type":"ListItem","position":1,"name":"Home","item":"https:\/\/www.filtracnatechnika.sk\/"},{"@type":"ListItem","position":2,"name":"Shop","item":"https:\/\/www.filtracnatechnika.sk\/?page_id=199"},{"@type":"ListItem","position":3,"name":"Klimatiz\u00e1cia SPIW 309L"}]}]}},"_links":{"self":[{"href":"https:\/\/www.filtracnatechnika.sk\/index.php?rest_route=\/wp\/v2\/product\/211"}],"collection":[{"href":"https:\/\/www.filtracnatechnika.sk\/index.php?rest_route=\/wp\/v2\/product"}],"about":[{"href":"https:\/\/www.filtracnatechnika.sk\/index.php?rest_route=\/wp\/v2\/types\/product"}],"replies":[{"embeddable":true,"href":"https:\/\/www.filtracnatechnika.sk\/index.php?rest_route=%2Fwp%2Fv2%2Fcomments&post=211"}],"wp:featuredmedia":[{"embeddable":true,"href":"https:\/\/www.filtracnatechnika.sk\/index.php?rest_route=\/wp\/v2\/media\/205"}],"wp:attachment":[{"href":"https:\/\/www.filtracnatechnika.sk\/index.php?rest_route=%2Fwp%2Fv2%2Fmedia&parent=211"}],"wp:term":[{"taxonomy":"product_cat","embeddable":true,"href":"https:\/\/www.filtracnatechnika.sk\/index.php?rest_route=%2Fwp%2Fv2%2Fproduct_cat&post=211"},{"taxonomy":"product_tag","embeddable":true,"href":"https:\/\/www.filtracnatechnika.sk\/index.php?rest_route=%2Fwp%2Fv2%2Fproduct_tag&post=211"}],"curies":[{"name":"wp","href":"https:\/\/api.w.org\/{rel}","templated":true}]}}